2
Calculate the remainder when 980451 is divided by 261.
135
What is the remainder when 6636334 is divided by 487?
472
What is the remainder when 3411091 is divided by 3676?
3439
What is the remainder when 6278461 is divided by 2092793?
82
Calculate the remainder when 669858 is divided by 456.
450
Calculate the remainder when 10838396 is divided by 387084.
44
What is the remainder when 17653495 is divided by 1762?
17
What is the remainder when 1770184 is divided by 530?
514
Calculate the remainder when 13322606 is divided by 945.
941
Calculate the remainder when 3532001 is divided by 1468.
1461
What is the remainder when 9194 is divided by 9164?
30
What is the remainder when 360719 is divided by 11?
7
Calculate the remainder when 21211 is divided by 376.
155
What is the remainder when 8951470 is divided by 19?
0
What is the remainder when 236740 is divided by 41?
6
What is the remainder when 180926716 is divided by 260?
256
Calculate the remainder when 4855954 is divided by 41.
37
Calculate the remainder when 26747817 is divided by 190.
187
What is the remainder when 29137 is divided by 3635?
57
Calculate the remainder when 548174 is divided by 185.
19
What is the remainder when 4182467 is divided by 737?
729
What is the remainder when 77832848 is divided by 23?
20
What is the remainder when 115456389 is divided by 70?
69
What is the remainder when 4350831 is divided by 82089?
114
Calculate the remainder when 18024815 is divided by 695.
685
Calculate the remainder when 141519835 is divided by 805.
30
What is the remainder when 888952 is divided by 50?
2
What is the remainder when 12882790 is divided by 472?
22
Calculate the remainder when 187637 is divided by 22684.
6165
What is the remainder when 3566654 is divided by 70?
14
Calculate the remainder when 4187508 is divided by 1316.
1312
Calculate the remainder when 759731 is divided by 376.
211
What is the remainder when 9054027 is divided by 444?
423
What is the remainder when 78225 is divided by 2160?
465
What is the remainder when 25266129 is divided by 223?
6
Calculate the remainder when 989369 is divided by 5377.
1
What is the remainder when 3095845 is divided by 1331?
1270
What is the remainder when 568741 is divided by 408?
397
Calculate the remainder when 13982637 is divided by 3495642.
69
What is the remainder when 9454455 is divided by 484?
483
Calculate the remainder when 1430604 is divided by 158956.
0
What is the remainder when 645770 is divided by 1145?
1135
Calculate the remainder when 68930 is divided by 3538.
1708
Calculate the remainder when 16759 is divided by 5569.
52
Calculate the remainder when 250914 is divided by 6771.
387
Calculate the remainder when 13824269 is divided by 1302.
935
Calculate the remainder when 28332 is divided by 3999.
339
What is the remainder when 22006290 is divided by 427?
418
Calculate the remainder when 1821962 is divided by 38.
14
What is the remainder when 1476589 is divided by 1527?
1507
Calculate the remainder when 3461414 is divided by 2700.
14
What is the remainder when 23627 is divided by 837?
191
Calculate the remainder when 52602323 is divided by 973.
970
Calculate the remainder when 6799827 is divided by 98.
97
What is the remainder when 1431102 is divided by 22?
2
Calculate the remainder when 1976139 is divided by 41.
21
Calculate the remainder when 2127400 is divided by 28364.
100
What is the remainder when 211712487 is divided by 15122320?
7
What is the remainder when 283020 is divided by 11?
1
Calculate the remainder when 94529 is divided by 11807.
73
Calculate the remainder when 36407 is divided by 77.
63
What is the remainder when 127819 is divided by 7088?
235
What is the remainder when 23696940 is divided by 1490?
1470
What is the remainder when 323130 is divided by 669?
3
What is the remainder when 265126 is divided by 1052?
22
Calculate the remainder when 1162242 is divided by 581041.
160
Calculate the remainder when 18345451 is divided by 833884.
3
What is the remainder when 27590580 is divided by 56?
52
Calculate the remainder when 356448 is divided by 16491.
10137
Calculate the remainder when 7963908 is divided by 69.
66
What is the remainder when 527498 is divided by 175819?
41
Calculate the remainder when 49311933 is divided by 24.
21
What is the remainder when 230902 is divided by 228997?
1905
Calculate the remainder when 15517679 is divided by 1968.
1967
What is the remainder when 620529 is divided by 292?
29
What is the remainder when 784103 is divided by 261325?
128
What is the remainder when 248016 is divided by 5905?
6
Calculate the remainder when 11789049 is divided by 5816.
17
Calculate the remainder when 1675593 is divided by 1154.
1139
What is the remainder when 36255039 is divided by 74?
71
Calculate the remainder when 131118 is divided by 186.
174
Calculate the remainder when 774371 is divided by 437.
7
Calculate the remainder when 32567997 is divided by 32.
29
What is the remainder when 124126 is divided by 20542?
874
What is the remainder when 119800 is divided by 6639?
298
Calculate the remainder when 7057 is divided by 191.
181
Calculate the remainder when 385609 is divided by 76871.
1254
Calculate the remainder when 22516 is divided by 1331.
1220
What is the remainder when 8244457 is divided by 167?
1
Calculate the remainder when 2675903 is divided by 891963.
14
What is the remainder when 216267 is divided by 21554?
727
What is the remainder when 1056493 is divided by 38?
17
Calculate the remainder when 1726929 is divided by 1031.
4
What is the remainder when 1104087 is divided by 276021?
3
What is the remainder when 134083 is divided by 5547?
955
What is the remainder when 639639 is divided by 112?
7
What is the remainder when 39607322 is divided by 905?
902
What is the remainder when 2019929 is divided by 110?
109
What is the remainder when 3059330 is divided by 1119?
1103
Calculate the remainder when 675654 is divided by 48247.
196
What is the remainder when 281466 is divided by 2960?
266
Calculate the remainder when 127173533 is divided by 8.
5
What is the remainder when 74027127 is divided by 164?
151
What is the remainder when 12433218 is divided by 269?
38
What is the remainder when 23569 is divided by 7438?
1255
What is the remainder when 220448358 is divided by 440?
438
What is the remainder when 543590 is divided by 3124?
14
What is the remainder when 5797996 is divided by 32385?
1081
Calculate the remainder when 2265009 is divided by 217.
180
Calculate the remainder when 138452074 is divided by 277.
272
What is the remainder when 2060447 is divided by 33774?
233
Calculate the remainder when 202091 is divided by 297.
131
What is the remainder when 64249 is divided by 64246?
3
Calculate the remainder when 102104 is divided by 1411.
512
Calculate the remainder when 377061 is divided by 17770.
3891
Calculate the remainder when 359351 is divided by 910.
811
Calculate the remainder when 309641 is divided by 105.
101
What is the remainder when 434116 is divided by 1785?
361
Calculate the remainder when 1194644 is divided by 1194631.
13
What is the remainder when 4518983 is divided by 122?
103
What is the remainder when 255140 is divided by 2276?
228
Calculate the remainder when 25288 is divided by 271.
85
What is the remainder when 278968967 is divided by 1645?
1642
Calculate the remainder when 6656107 is divided by 2141.
1879
What is the remainder when 729727 is divided by 213?
202
What is the remainder when 6075445 is divided by 32?
21
Calculate the remainder when 1217754 is divided by 405917.
3
What is the remainder when 50404849 is divided by 826309?
0
What is the remainder when 4171418 is divided by 595915?
13
What is the remainder when 481502325 is divided by 874?
867
Calculate the remainder when 197438 is divided by 20.
18
What is the remainder when 75327 is divided by 15041?
122
Calculate the remainder when 212871 is divided by 409.
191
What is the remainder when 5113389 is divided by 1204?
1
Calculate the remainder when 109373 is divided by 109345.
28
What is the remainder when 923446 is divided by 1759?
1730
What is the remainder when 1769373 is divided by 884632?
109
What is the remainder when 2388696 is divided by 3714?
594
What is the remainder when 1270064 is divided by 181?
168
Ca